 4193*s. Determine y(s).
34
Suppose t = -4*u - 12, -11 = -3*u + 3*t - 5. Let i(p) be the first derivative of p**4/2 + p**2 + 3*p + 3. What is i(u)?
-17
Let m(d) be the second derivative of d**4/12 - 2*d**3/3 + 5*d**2/2 - 8892*d. Let w(j) = j**2 + 2*j + 2. Let c be w(-3). Give m(c).
10
Let o(q) be the second derivative of q**5/20 + 7*q**4/12 + q**3/6 + 15*q**2/2 + 2*q - 980. What is o(-7)?
8
Let j(t) = -2*t. Let v(n) = 10*n - 97. Let f(h) = -2*j(h) - v(h). Calculate f(13).
19
Suppose 5*h + 4*o + 47 - 33 = 0, 4 = -4*o. Let d(y) = -2*y**3 + 82*y - 82*y + 1 - 2*y**2 + 3*y**3. Give d(h).
-15
Suppose -44*q + 22 = -55*q. Let m be 1/2 - q/(-4). Let k(w) = w**2 - w + 13. What is k(m)?
13
Suppose -5*c + 22 = 57, 0 = 3*x + c + 28. Let m(j) = j**3 + 4*j**2 - 4*j + 8. Give m(x).
-111
Let t(v) = 34 - 5*v + 0*v - 5*v. Let g(r) be the third derivative of r**4/12 - 7*r**3/6 - r**2 - 53*r. Let b(n) = -11*g(n) - 2*t(n). What is b(6)?
-3
Let j be (-256)/(-160)*45/9. Let k(l) be the third derivative of l**6/120 - 7*l**5/60 - 5*l**4/12 + 4*l**3/3 + 2*l**2. Calculate k(j).
-8
Let h(d) = -3*d**2 - 38 + 6943*d - 2*d**2 - d**3 + 36 - 6951*d. What is h(-4)?
14
Let p be (-30)/(-4) - (-3)/(-6). Let z(o) = -5 + o + p + 0*o. Let m = 208 - 203. Give z(m).
7
Let c(l) = l**2 - 9*l - 14. Let t = -52 - 205. Let y = 267 + t. Calculate c(y).
-4
Suppose 24867 = 16*g + 24867. Let t(v) = 7*v**2 + 3*v - 16. Let r(s) = -4*s**2 - 2*s + 8. Let c(d) = -5*r(d) - 3*t(d). What is c(g)?
8
Let t(w) be the second derivative of -4*w**3/3 - 67*w**2 + 51*w + 5. Give t(-17).
2
Let f(p) = p + 1. Let z(t) = -17*t + 97. Let s be z(5). Suppose 25*l - s*l = -52. Give f(l).
-3
Let r be (-67)/(-134)*-1*2*-11. Suppose -31 = 9*j - r*j + 5*f, 4*f = -20. Let z(x) = 10*x - 15*x + 4*x. What is z(j)?
-3
Suppose -3*h - 9*k = -4*k - 731, 4*h - 964 = -4*k. Let v = 234 - h. Let b(t) = 7*t - 3. Give b(v).
-24
Let a(p) = -3*p**3 + 12*p**2 - p + 4. Let v be a(4). Suppose v = -20*m + 34 + 6. Let c(u) = -5*u**3 + u**2 + 2. Give c(m).
-34
Suppose v = -3*v + 3*s + 159, 5*v + 2*s = 170. Let x be 30/v + (-10)/12. Let w(o) = o - 30. Give w(x).
-30
Let p = 33 - 88. Let r = -53 - p. Let n(t) be the second derivative of t**3/3 - t**2 + 33*t. Determine n(r).
2
Let i = 49 - -49. Suppose -6*q + 3*q - i = 5*z, -z - 15 = -4*q. Let y = z + 24. Let n(l) = l**3 - 4*l**2 - 2*l + 3. Calculate n(y).
18
Let z(m) = -m**3 - m - 12. Suppose 3*x + l = 5*l - 22, -10 = -x - 3*l. Let j be x/15 + (-423)/(-135). Suppose 0 = -u - j*u. Give z(u).
-12
Let q(h) = h**3 + 7*h**2 + 6*h - 1. Let p = -4 + 5. Suppose 13*x + 63 = 4*x. Let w = p + x. Calculate q(w).
-1
Let r(y) = 22*y - 856. Let p(w) = w - 126. Let v(h) = 5*p(h) - r(h). Determine v(13).
5
Let u(t) = 4*t + 10. Let n(l) = -24*l - 17. Let z(w) = -13*w - 9. Let x(r) = 6*n(r) - 11*z(r). Let y(g) = 6*u(g) + 21*x(g). Determine y(5).
12
Let z(u) be the first derivative of u**4/4 - u**2/2 + 7*u + 1127. What is z(0)?
7
Suppose -195*f = -207*f - 204. Let k(x) = 11*x + 27. What is k(f)?
-160
Let b(h) = 11*h + 5. Let x be 2 + 5/((-35)/91). Let q(z) = -20*z - 8. Let a(o) = x*b(o) - 6*q(o). Calculate a(-4).
-3
Let h(i) = 3*i**3 + 8*i**2 + 6*i + 7. Let c(a) = -a**3 - a**2 + a. Let b be (-11 + -2 - -12)/(-1 - -2). Let f(v) = b*h(v) - 2*c(v). What is f(-5)?
8
Let w be (-40)/(-12) + 2/(-6) - -5. Suppose -7*g = -5*g - 4*n + 8, -3*n + w = -g. Let d(k) = -k**2 + 8*k - 5. What is d(g)?
11
Let w = 61 + -21. Let o(q) = 12*q - 93 + w - 9*q + 49. Calculate o(3).
5
Let r(d) = 26*d**3 - 62*d**2 + 25*d + 36. Let x(o) = -16*o**3 + 42*o**2 - 16*o - 25. Let i(w) = -5*r(w) - 8*x(w). Give i(-13).
-19
Let o = -10966 + 10951. Let q(m) = -8*m - 116. Calculate q(o).
4
Let c(z) = -4*z**2 - 6*z + 7. Let s(r) = 3*r**2 - 24 + 4 + 7*r + 12 + 2*r**2. Let a(d) = 4*c(d) + 3*s(d). Let j = 242 + -239. Determine a(j).
-14
Let p(q) = -q + 11. Let b = 1480 + -1459. Calculate p(b).
-10
Let m(u) = u**2 - 15*u + 25. Let t = 464 + -464. Suppose -3*z + t*z + 39 = 0. Determine m(z).
-1
Let q(g) = -6*g + 4. Let v(j) = -5*j + 1. Let h(s) = 2*q(s) - 3*v(s). Calculate h(11).
38
Let r = -1201 + 1204. Let s(x) = -2 - 4 + r + 6*x + 4. Let q(g) = 2*g**2 + 3*g. Let h be q(-2). Determine s(h).
13
Let v(i) = -i**3 - i**2 - 3*i - 5. Let r = 65 - 64. Suppose -u - r = -3*n + 1, -4 = 2*u + 2*n. Let x be v(u). Let y(h) = -2*h + 6. Determine y(x).
-4
Let j be 4/(14/588*24). Let u(q) be the second derivative of q**2 - 1/12*q**4 + 0*q**3 + 0 - j*q. Give u(-4).
-14
Let b(c) = -2*c - 161. Let s(m) = m + 53. Let d(q) = -4*b(q) - 11*s(q). Determine d(20).
1
Let s(n) = -n**2 + 5*n - 1. Suppose 54 - 8 = r. Let f = r - 37. Let z be (0 + 1 + 0 - f)/(-2). Give s(z).
3
Let f(y) = y**3 - y - 2. Let m(c) = 2*c**3 + 8*c**2 - 3*c - 12. Let b(k) = -3*f(k) + m(k). Suppose 0 = -0*o - o + 31. Let a be o/4 + (-14)/(-56). Give b(a).
-6
Let y(h) = -h**3 + 22*h**2 - 20*h. Let f(p) = -2*p**3 + 42*p**2 - 42*p - 9. Let g(a) = -3*f(a) + 5*y(a). What is g(14)?
-1
Let h(a) be the third derivative of -a**6/120 - 19*a**5/60 + 5*a**4/6 + a**3 - 2*a**2. Let o(q) = -5097*q + 10174. Let n be o(2). Calculate h(n).
6
Let z(a) = -3*a - 12. Let c(h) = -h - 4. Let u be 17/5 + 2/(-5). Let f(o) = u*z(o) - 8*c(o). Suppose -281*x = -84 + 1770. What is f(x)?
2
Let m(g) = -7*g + 36. Suppose 43*n - 8*n - 210 = 0. Determine m(n).
-6
Let v(f) be the first derivative of 5*f**2/2 - 83*f + 3973. Determine v(14).
-13
Let w(l) be the third derivative of 43*l**5/30 - l**4/12 - l**3/6 - 1184*l**2 + 4. Determine w(-1).
87
Let z = 5325 - 5322. Let j(p) be the third derivative of 0*p**z + 0*p + 0 - 5/24*p**4 - 1/60*p**5 - p**2. Calculate j(-6).
-6
Let h(j) = j**3 - j**2 - 2. Suppose -23*u + 8*u - 330 = 0. Let g be ((u - -10) + 10)/(0 + -1). Calculate h(g).
2
Let q(v) = 4*v**2 + 14*v + 11. Let h(y) = -3*y**2 - 11*y - 11. Let x(u) = 3*h(u) + 2*q(u). Calculate x(-7).
-25
Let k(n) = n**2 - 10*n - 275. Let m be k(22). Let a(d) = 5*d + 20. Give a(m).
-35
Let a(s) be the third derivative of -s**5/60 - 13*s**4/24 - 13*s**3/3 + 3*s**2 + 364*s. Determine a(-7).
16
Let z(g) = -g**2 - 5*g + 1. Let h be -12*(-6 - (-580)/(-16)). Let u = h - 511. Calculate z(u).
5
Let n(v) = -4*v**2 - 5*v**2 + v**3 - 7 - 2*v**3. Let h be (-5475)/511 + 12/7. Give n(h).
-7
Suppose -2*f + 106 = 88. Suppose 14*v = -o + f*v - 5, -o - v = 1. Let a(r) be the second derivative of -r**5/20 + r**4/12 - r**3/6 + 9*r**2 + r. Determine a(o).
18
Let u = 5854 - 5863. Let i(y) = -3*y**2 - 29*y - 21. Determine i(u).
-3
Let h(z) = -2*z**2 - z + 1. Let m(u) = -9*u**2 - 7*u + 4. Let f(v) = 5*h(v) - m(v). Suppose -3*i + 2*b = -13, -7*b = i - 5*b + 1. What is f(i)?
-2
Suppose -6 = 5*i + z, -5 = 5*z - 0. Let o be -3 + (i - -1)/5. Let j(y) = -2*y + 1 + 3*y + 3*y. Determine j(o).
-11
Let q(a) = -2*a - 69. Let s(t) = -t - 46. Let n(l) = 5*q(l) - 8*s(l). Suppose 4*m - 62 = -g, 56*m + g - 461 = 225. Give n(m).
-1
Let u(c) be the second derivative of 3/2*c**2 + 2*c - 1/6*c**3 + 0. Let p = 2029 + -2022. Determine u(p).
-4
Suppose -113*n + 220*n = 1498. Let d(x) = x**3 - 17*x**2 + 45*x - 36. What is d(n)?
6
Let d(v) = 720*v - 14. Let f(l) = 1336*l - 28. Let b(z) = -26*d(z) + 14*f(z). What is b(6)?
-124
Let d(w) = -w**2 + 6*w + 4. Suppose 1857 + 218 = -5*r. Let j = r - -422. Determine d(j).
-3
Let p be (8/(-12)*-3)/(2/(-3)). Let a(d) = -2*d - 7. Let x(v) = 3*v + 8. Let o(c) = p*x(c) - 4*a(c). What is o(-4)?
8
Let n be (4/(-2))/((-172)/344). Let p(x) = -12*x + 4. What is p(n)?
-44
Let x = -26 - -20. Let o(s) = 4*s - 583 + 589 - 6*s - s + 2*s. What is o(x)?
12
Let h be ((-10)/(-4)*(-621)/(-1035))/((-2)/(-4)). Let f(x) = x**3 - 6*x**2 + 13*x - 9. Give f(h).
3
Let r be ((54/(-6) - -3)/(-3))/(5/(-20)). Let k(m) = 6*m + 2. Let s(h) = h + 1. Let z(o) = -k(o) + 5*s(o). Give z(r).
11
Let v(t) = -3*t**2 + 10*t + 7. Let k(s) = -2*s**2 + s - 1. Let w(d) = -6*d**2 - 6*d - 10. Let r(i) = -5*k(i) + w(i). Let a(x) = 2*r(x) + 3*v(x). Give a(9).
2
Let u(c) be the second derivative of -1/8*c**4 - 3*c**2 + 1/60*c**5 + 2/3*c**3 + 0 + 15*c. Let w(b) be the first derivative of u(b). Calculate w(3).
4
Let m(h) = -h**3 - 13*h**2 - 17*h - 12. Let u be m(-13). Let j(x) = u - 437 + x + 216. Suppose 4*l - 19 = 5*y, 3*l + y + 4 = 23. What is j(l)?
-6
Let d(v) = -7*v**3 + 12*v**2 + 16*v + 20. Let y(r) = -18*r**3 + 